-5*p - 5*u = -2*u - 33. What is the units digit of p?
6
Suppose 6 = 2*p + w, -5*w + 17 = 4*p - 7*p. Let h be 148 - (-3 + 3/p). Suppose -i - h = -5*i. What is the units digit of i?
7
Let o(y) be the third derivative of -y**7/2520 + 7*y**6/720 - y**5/6 + 3*y**2. Let c(z) be the third derivative of o(z). What is the tens digit of c(-12)?
3
Suppose 5*c + 855 = 3*r + 2*r, 4*c = r - 168. What is the tens digit of r?
7
Suppose -6*j - 4*j = -10. What is the hundreds digit of 263/4*(j - -3)?
2
Let p(f) = -5*f**3 - 4*f**2 + 15*f + 29. What is the hundreds digit of p(-5)?
4
Let i(d) = d**3 - 7*d**2 + d + 4. Let m = -30 + 13. Let q = 24 + m. What is the units digit of i(q)?
1
Let d(m) = -m**2 - 6*m + 582. What is the units digit of d(0)?
2
What is the hundreds digit of 1263 - -4 - 4 - (-5 + 2)?
2
Suppose l + 4*p = 14, -2*l + 12 = l + 2*p. Suppose -l*z = 3*z - 765. What is the tens digit of z?
5
Let l = -85 + 10. Let u = l + 133. Let x = -37 + u. What is the tens digit of x?
2
Let b = -696 + 736. What is the units digit of b?
0
Suppose 187 = 10*h - 4423. What is the tens digit of h?
6
Suppose 8 = g + 6. Suppose 0 = 3*c + 4*s - 175, -5*s = g*c + 64 - 183. Suppose c = b + 16. What is the units digit of b?
1
Suppose -25 = -3*o + 8*o. Let v = -3 - o. Suppose v*n + 5*g = 90, 5*n - 279 = g - 0*g. What is the units digit of n?
5
Suppose -3*u - l - 9 = -u, -2*u - 3 = -l. What is the tens digit of u/15 + 4984/20?
4
Let c = -394 + 416. Suppose 0 = -4*y - 3*d + 11, -2*y = 5*d - 1 - 22. Let w = c - y. What is the tens digit of w?
2
Let n be (4 - 5) + -1 + 17. What is the units digit of (-1)/((-4 + 1)/n)?
5
Let z(y) = y - 3. Let k be z(5). Suppose -k*o - o = -57. Suppose o = -u + 2*u. What is the tens digit of u?
1
Let i = 1083 - 570. What is the hundreds digit of i?
5
Let t = 623 - 408. What is the units digit of t?
5
Suppose 4*u - 22 = -2*t + 4, -t + 21 = 4*u. What is the units digit of 4/((-12)/(-195)) - u?
1
What is the hundreds digit of ((-72)/(-60))/(3 + 883/(-295))?
1
Suppose -4*q + 526 = 5*n, -7*q + 322 = 3*n - 3*q. Suppose -5*m + 83 = b, 2*b = 4*m + n + 134. What is the tens digit of b?
0
Let x(o) = 10*o**2 + 3 + 3*o - 4 + 28*o**3 - 27*o**3. What is the hundreds digit of x(-8)?
1
Suppose 0*z + 4*z + 3*t = -90, 5*z - t = -122. Let a = 29 + z. What is the units digit of -8*a*15/(-20)?
0
Let h be (280/(-2))/(1 + -2). Suppose 2*c = -2*j + h, -c + 6*c + 70 = j. What is the tens digit of j?
7
What is the tens digit of 6/(-1) + 380 + -5?
6
Suppose 11*p = 13*p + 2. What is the tens digit of (-146 + p)*(-13)/39?
4
Let r = 13 + -10. Suppose 0 = r*d - 8 + 14. What is the tens digit of d + (-2*21)/(-3)?
1
Let g be 1*55 + (7 - 4). Suppose -108 - g = -3*t + 4*u, 4*u + 4 = 0. What is the tens digit of t?
5
Suppose -n - n + 300 = 0. What is the hundreds digit of n?
1
Suppose -35*r + 34*r = -656. Suppose 2*h + 2*h - r = 0. What is the units digit of h?
4
Suppose -4*h = 2*f - 2*h - 26, -5*f + 71 = 2*h. Suppose -f*n + 14*n + 15 = 0. What is the tens digit of n?
1
Suppose -21980 = -45*s + 17*s. What is the tens digit of s?
8
Suppose k - c + 83 = 369, -k = -3*c - 280. What is the hundreds digit of k?
2
What is the thousands digit of 1198 - (6/4)/((-42)/56)?
1
Let w(x) = 11*x**2 - 7*x + 14. Suppose -2*y + 6*y + 16 = 0. Let d(c) = -5*c**2 + 3*c - 7. Let t(o) = y*w(o) - 9*d(o). What is the units digit of t(-5)?
7
Let m = 41 + -73. What is the tens digit of 664/m*4*(1 - 2)?
8
Suppose 3*c + 945 = 4*c - 4*s, -4*s + 2883 = 3*c. What is the hundreds digit of c?
9
Let g(a) = -5*a + 4. Suppose l - 4*l = 15. What is the units digit of g(l)?
9
Let y(s) = -s**2 - 16*s - 6. Let n(d) = 3*d + 4. Let l = -1 - 5. Let r be n(l). What is the units digit of y(r)?
2
Let b be (792/90)/(4/30). Suppose -21*q + 15*q + b = 0. What is the units digit of q?
1
Suppose 0 = -5*n + 15, -2*c + 1968 = -0*n - 2*n. What is the hundreds digit of c?
9
Let d(y) = -1 - 2 - 5 - 4*y. Suppose 0 + 1 = l + 5*g, 0 = 5*l - 5*g + 25. What is the units digit of d(l)?
8
Suppose 5*o = -16*d + 19*d - 10107, -5*d + o = -16867. What is the tens digit of d?
7
Let f be ((-20)/30)/(4/(-30)). Suppose 2*b + 37 = 6*b - 5*z, f = -z. Suppose 3*l = 21 + b. What is the units digit of l?
8
Suppose 4*a + 0*a = -64. What is the units digit of (-2)/a - (-319)/8?
0
What is the hundreds digit of ((-1484)/(-21) + 4)/(4/18)?
3
Suppose s = -2*d + 1187, 22*d - 19*d = 4*s + 1764. What is the hundreds digit of d?
5
Let v(d) = -2*d**3 + d**2 - 28*d - 13. What is the tens digit of v(-6)?
2
What is the units digit of (7/(-2))/(273/(-313716))?
2
Let v be 2912/(-40) - (-1)/(-5). Let i = 19 - v. What is the tens digit of i?
9
Let i be 150/(-22) + (-10)/55. Let l be 12/(-15)*(198/(-12) + 4). Let w = l + i. What is the units digit of w?
3
Let p = 93 + -66. Suppose p*o - 23*o - 352 = 0. What is the units digit of o?
8
Suppose l - 2*v - 197 = 0, 4*v + 583 = -7*l + 10*l. What is the hundreds digit of l?
1
Let l(w) = w**2 - 10*w - 38. Let c be l(13). What is the units digit of 2375/15 - 2 - c/3?
6
What is the thousands digit of (-28)/35*-3295 + -10?
2
Suppose 0*g + 12 = 4*g, -3*i = -5*g + 42. Let f = 3 + i. What is the units digit of 1157/39 - (-4)/f?
9
What is the hundreds digit of (2583 - 374) + 3/((-3)/2)?
2
Let j be (-12)/21 - 354/(-7). Suppose j = 2*h + 4*n, -3*h - 4*n + 91 = -2*n. What is the units digit of h?
3
What is the thousands digit of -2144*(-1 + (0 - 4/(-8)))?
1
Suppose 174 = 5*k + k. Suppose -k = -6*m + 2*m + 3*a, 5*m - a - 39 = 0. What is the units digit of m?
8
Let x(h) be the third derivative of h**6/60 + h**4/12 - h**3/6 + 3*h**2. Let k be x(1). What is the tens digit of 0 + k - (-90)/6?
1
Let b(c) = c**3 - 18*c**2 + 9*c - 9. Suppose 0 = 10*q - 6 - 174. What is the hundreds digit of b(q)?
1
Let y(p) = 621*p**3 - 4*p**2 + 7*p. What is the thousands digit of y(2)?
4
Let r(p) = 4*p**3 - 3*p**2 + 4*p - 1. Let u be r(1). Suppose 2 = d + m, 3*d + u*m - 5 + 4 = 0. What is the units digit of d?
7
Let m = -10 - 14. Let c = 29 + m. What is the units digit of c?
5
Let o(f) be the second derivative of -1/12*f**4 + 0 - 5*f**2 - 5/3*f**3 - 2*f. What is the units digit of o(-8)?
6
Suppose -14*r = -18*r - 5*i + 160, 5*i + 20 = 0. What is the units digit of r?
5
Let a be 5 - (-3 + (3 - -386)). Let b = 614 + a. What is the tens digit of b?
3
Let i(v) = -v + 5. Let f be ((-162)/(-45))/(6/(-20)). What is the units digit of i(f)?
7
What is the hundreds digit of -3*(3712/(-6) + (-21)/(-7))?
8
Let v(x) be the second derivative of -1/6*x**3 - 7*x + 0 + 15/2*x**2. What is the tens digit of v(-8)?
2
Let o(z) = -17*z + 5. Let t be (0 + 3)/(-3)*6. What is the hundreds digit of o(t)?
1
Let p = 928 + -264. What is the units digit of p?
4
Suppose -2*p = 2*p - 124. Let x = -181 + 184. Let z = p - x. What is the tens digit of z?
2
Let g = 56 + -48. Suppose 7*w = g*w - 21. What is the tens digit of w?
2
Suppose 3*w - 13 = -2*o + 48, 3*w = 3*o + 36. Let v = -12 + w. Suppose 3*t - 19 = -v*y, -2*t - 2*y + 4*y = -34. What is the units digit of t?
3
Let c(z) = -z**2 - 15*z + 19. Let o be c(-15). Suppose 23 = 2*s + o. Suppose 0*x = s*x - 3*h + 9, 0 = -2*x + 4*h - 14. What is the units digit of x?
3
Suppose -10*r + 22297 = 5477. What is the units digit of r?
2
Suppose 4*y = -0*y + 3*k + 2414, -2404 = -4*y - 2*k. Let h = -349 + y. What is the units digit of h?
3
Suppose -7 = -5*j - 47. Let x(m) = m**3 + 9*m**2 + 6*m - 7. Let o be x(j). What is the units digit of (o/(-3))/3*-64?
4
Suppose -3512 = -2*s - z, -8533 - 265 = -5*s + 2*z. What is the tens digit of s?
5
Let r = -9 + 9. Suppose 8*z - 2*x + 972 = 3*z, r = 3*z - 5*x + 568. What is the tens digit of (-7)/(z/96)*7?
2
Suppose 4*t + 3*c - 2 = 0, -c - 4*c = 5*t. Suppose -3*r + 41 = -t*r. Let a = r - 29. What is the tens digit of a?
1
Let f(p) be the third derivative of -p**6/120 - p**5/60 - p**4/12 + p**3/3 + p**2. Suppose 2*r + 5 = -5, -a - 3*r - 18 = 0. What is the units digit of f(a)?
6
Suppose 5*r - 15 = -3*f - 2*f, 20 = -4*f. Suppose -3*o + r*o - 20 = 0. Suppose 2*i - o*i = -36. What is the tens digit of i?
1
Suppose m - 6 = -y, -5*y + 24 = 2*m - 3*m. Suppose -2*h - j - 15 = -7*h, h = -y*j + 29. Suppose -93 = -h*b + 27. What is the units digit of b?
0
Suppose 0 = 4*n - 4*a + 12, 0 = 2*a - 5*a. Let o(b) be the second derivative of